s divided by s.
10
Calculate the remainder when ((-216)/(-21) - 7) + (-4)/14 + 5022 is divided by 11.
9
Let y = 2170 - 2162. Let s be (-4)/26 + 4/26. Suppose -2*b + 5*a + 48 = s, 3*b + 3*a - 14 - 16 = 0. What is the remainder when b is divided by y?
6
Suppose 0*p - 3*p = -9. Let z = p + -4. What is the remainder when 27/(-21) - z - (-466)/14 is divided by 19?
14
Suppose 3*n - 2247 = 2*r, 4*r = -376*n + 372*n + 3036. What is the remainder when n is divided by 29?
28
Let q = -3 + 5. Calculate the remainder when (-2 + q)/9 + 70 is divided by 12.
10
Suppose 178*f - 9818 = 7982. Calculate the remainder when 1995 is divided by f.
95
Suppose -186 + 32 = -2*m. Suppose d + 2*d - 41 = -c, -4*d = -2*c + 32. Calculate the remainder when m is divided by c.
25
Suppose 16452 = 7*j + 10*j + j. Calculate the remainder when j is divided by 300.
14
Suppose -21233 = -13*t + 6639. What is the remainder when t is divided by 10?
4
Let d(t) = t**3 + 5*t**2 + 6*t + 86. Let h(m) = -m**3 + 7*m**2 - 13*m + 30. Calculate the remainder when h(4) is divided by d(-6).
12
Suppose -2096 = 1532*i - 1536*i. Suppose 990*g - 988*g = i. What is the remainder when g is divided by 63?
10
Let a = 10 - -28. What is the remainder when a is divided by -13 - -21 - (-31 - -11)?
10
Let o(a) = a**2 - 2. What is the remainder when 353 is divided by o(6)?
13
Suppose -3*g + 8748 = -12204. Suppose 0 = 3*s - 12*s + g. Calculate the remainder when s is divided by 41.
38
Suppose 23*j - 3164 = -5*m + 22*j, -3*j = -12. Let o = m - 603. Calculate the remainder when 33 is divided by o.
4
Let p(n) = 174*n - 3559. Calculate the remainder when p(28) is divided by 220.
213
Let p(q) = 2*q**2 - 4*q - 4. Let t(b) = 8*b**2 + 22*b - 16. Let s be t(6). Let w = -309 + s. Calculate the remainder when w is divided by p(-3).
17
Let h be (36/(-10))/(69/230). Calculate the remainder when 223 is divided by 6*(1 + 8/h - -1).
7
Suppose 4*o - 2*b + 1 = 7, 3 = 5*o - 4*b. Let v(n) = 4*n**2 + 14*n + 1. Calculate the remainder when v(o) is divided by 29.
21
Let s(o) = o + 9. Let g be s(-6). What is the remainder when (0/(-2) + -1)/(g/(-264)) is divided by 24?
16
Suppose 9 = -44*s + 43*s. Suppose q = -5*d + 371, 2*q - 67 = -4*d + 3*d. Calculate the remainder when d is divided by (-273)/14*12/s.
23
Let b(p) = 5*p + 6. Let w be b(8). Let g = 12 + w. Let l = g + -17. What is the remainder when l is divided by 11?
8
Suppose -20*i = 5*d - 24*i - 14798, 2*i = -5*d + 14816. Calculate the remainder when d is divided by 13.
11
Let s(d) = -25*d - 2. Let m = -15 - -21. Let w be (-5 - -3)/(m/3). Calculate the remainder when 44 is divided by s(w).
21
Let w(t) = -t**3 + 21*t**2 - 93*t - 15. Calculate the remainder when 78 is divided by w(7).
18
Let f = -44 + 82. Let d = 62243 - 62150. What is the remainder when d is divided by f?
17
Suppose 0 = 5*j - 4*j + 3*g - 5, 4*g = -4. Calculate the remainder when 13 is divided by (-3 - 9)*j/12*-1.
5
Let b = -19 + -80. Let v = b + 146. What is the remainder when v is divided by 10?
7
Suppose 6*l = 3*l - 2*d + 24, d = -l + 9. What is the remainder when (-36)/l - -6 - -249 is divided by 36?
33
Calculate the remainder when 1312 is divided by 227 - ((-5 - 1680/(-170)) + (-4)/(-34)).
202
Let g = -4529 - -4633. What is the remainder when 4157 is divided by g?
101
Let l(x) = 67*x**2 - 200*x - 29. What is the remainder when l(5) is divided by 8?
6
Suppose -36234 = 115*c - 148*c. Calculate the remainder when c is divided by 19.
15
Suppose 3*f + 0*f = 0. Suppose 0 = 5*j - f*j - 80. Let b(g) = 27*g**2 - 57*g - 56. What is the remainder when b(-1) is divided by j?
12
Let t(z) = 6*z**3 - 2*z**2 + 6*z - 15. What is the remainder when t(4) is divided by 24?
1
Suppose 4*o - 771 = 2*i + 297, 4*i - 4*o = -2148. What is the remainder when -1 + 2/(-6) + (-26640)/i is divided by 26?
22
Suppose 2*b + 19593 = 5*i, 3*i + 54*b - 11761 = 50*b. What is the remainder when i is divided by 8?
7
Let s = -37 + 40. Suppose -209 = -5*f - 4*n, 4*f - s*n - n - 196 = 0. What is the remainder when 178 is divided by f?
43
Let b = 2589 - 2499. What is the remainder when 616 is divided by b?
76
Suppose -3*j = 3, 3*j - 1610 = -5*b + 3547. What is the remainder when b is divided by 150?
132
Suppose 16314 = 5*u - 15*h + 14*h, 4*u - h = 13052. What is the remainder when u is divided by 142?
138
Let b(u) = u**3 + u**2 + u + 24. Suppose 5*j = 2*m + 16, 14*m + 5*j = 9*m - 110. What is the remainder when b(0) is divided by (m/(-10))/(-9 + (-368)/(-40))?
6
Suppose -45 - 185 = -5*l - 3*f, -138 = -3*l - 2*f. Suppose i - 144 = 3. Calculate the remainder when i is divided by l.
9
Suppose 0 = 4*w + 4*k - 312, 4*w - 124*k = -119*k + 339. Calculate the remainder when 2993 is divided by w.
77
Let a be (39/9 - (-1)/(-3))/1. Suppose 5*v - 3*v + 149 = y, a*v + 8 = 0. Suppose y = r + 4*r. Calculate the remainder when r is divided by 3.
2
Calculate the remainder when 9/(45/2380) - (-63 + 71) is divided by 235.
233
Let m = -4258 - -4427. What is the remainder when m is divided by 41?
5
Suppose 156*h - 181*h - 38 + 238 = 0. Calculate the remainder when 3167 is divided by h.
7
Suppose 2*v = -c + 5*c + 10, 2*v + 15 = -c. What is the remainder when 306 is divided by (-8)/14*(385/2)/v?
20
Let d = 2281 - 2216. Calculate the remainder when 169 is divided by d.
39
Suppose 0 = 5*f + 20, -4*f = -2*b + 34 - 0. Let d(v) = -7*v + 7. Let g be d(11). Let p = -49 - g. What is the remainder when p is divided by b?
3
Let h = -17 - -30. Suppose d - 32 = -2*d - 4*f, -3*f = -3*d - 3. Suppose -d*c = 27 - 431. What is the remainder when c is divided by h?
10
Suppose -15*c - 410 = -30*c + 10*c. Calculate the remainder when 242 is divided by c.
78
Suppose -j = -0*j - 11. Suppose 0 = 5*n + 2*w - 65, -6*n + 3*n + 3*w + 60 = 0. What is the remainder when 3065/75 + 2/n is divided by j?
8
Let c = 17 + -19. Let v be (1/c)/(4/(-168)). Let z(j) = -j**2 + 27*j - 50. What is the remainder when z(v) is divided by 13?
11
Let v(d) = 3*d**3 - 3*d + 204. What is the remainder when v(0) is divided by 29?
1
Let w(g) = -3*g - 9. Let s be w(-4). Suppose -s*j = 0, -j = 3*f - 95 - 178. Calculate the remainder when f is divided by 35.
21
Let m be (15 - (4 + -6)) + 3. Suppose 0 = m*f - 17*f + 9. What is the remainder when (f + 15)/(2*6/56) is divided by 15?
11
Let b be 5 - (-3)/(12/(-8)). Suppose -q - 25 = -f, f = 5*q - b*q + 23. Calculate the remainder when 89 is divided by f.
8
Suppose 2*x - 3560 = -g, -18*x + 19*x = -4*g + 14268. Calculate the remainder when g is divided by 21.
19
Suppose 0 = 5*d + 5*u - 2310, d - 2*d + 472 = 3*u. Let t = -446 + d. What is the remainder when 73 is divided by t?
7
Let w(h) = h**3 - 20*h**2 - 119*h + 33. Suppose -16*b + 300 = -11*b. What is the remainder when b is divided by w(-5)?
0
Let x = -26 - -29. Let p be (-20)/(-60) + 5/x. Suppose 4*y + v = 2 + 64, p = -v. What is the remainder when 50 is divided by y?
16
What is the remainder when 21 is divided by 8*1*(36/8 + -4 + 0)?
1
Suppose 3*x - 8*l - 339 = 0, -5*x + 79 = 4*l - 486. What is the remainder when x is divided by 40?
33
Suppose 2*y = 37 + 13. Suppose 5*x = -160 + 290. Suppose 6*o - 308 + x = 0. Calculate the remainder when o is divided by y.
22
Let g(p) = 17*p + 5. Let j = 43 - 6. Let d = -22 + j. What is the remainder when g(4) is divided by d?
13
Let b(f) = -142*f - 1393. Calculate the remainder when 945 is divided by b(-10).
0
Suppose 28 + 12 = -4*v. Let d be 15/(-18)*(-87)/v*-12. Suppose -x + 161 - d = 0. What is the remainder when x is divided by 20?
14
Let u = -9793 - -9935. Calculate the remainder when 1133 is divided by u.
139
Let n = -17 + 23. Let y be (-60)/(-2*1) - (-8)/(-2). Suppose 0 = 3*m - u - y, 4*m - 4*u = m + 23. Calculate the remainder when m is divided by n.
3
Let i = 41 - 40. Suppose -2*l = -5*t - i - 182, 515 = 5*l - t. Suppose -3*x + l = 2*p, -38 = -4*p - 2*x + 162. What is the remainder when p is divided by 18?
13
Let n(y) = -y**3 - 2*y - 6*y + y**2 - 3*y**2 - 4 - 2*y**2. Let o be ((-6)/(-15))/((-5)/50). What is the remainder when 111 is divided by n(o)?
27
Let f = -50 + 47. Let s(g) = 2*g**2 + 4*g + 10. Let c be s(f). Suppose -6*r + 26 = -c. Calculate the remainder when 26 is divided by r.
5
Let q = -69 + 71. Suppose 2*j + 0*j = -5*f + 104, -5*j = -f - 314. Let a = j + -48. Calculate the r